a7?
a5
In base 16, what is -5 - -3fd?
3f8
In base 10, what is -807 - -10?
-797
In base 14, what is -38 + -2?
-3a
In base 12, what is -111 + -8?
-119
In base 10, what is -2 + 1305?
1303
In base 6, what is -4 + -103?
-111
In base 9, what is 483 - -10?
503
In base 13, what is 3 - -37?
3a
In base 15, what is 3 + 3d?
41
In base 4, what is -1 + 11233?
11232
In base 12, what is -14 + -35?
-49
In base 8, what is -4435 - 10?
-4445
In base 16, what is -4 - -58?
54
In base 8, what is -5 + -106?
-113
In base 6, what is 2135 - 24?
2111
In base 14, what is -b - -463?
456
In base 14, what is 0 + -67?
-67
In base 6, what is 10525 + 2?
10531
In base 16, what is -d - -19?
c
In base 12, what is -709 - 3?
-710
In base 7, what is 6 - -34?
43
In base 14, what is -6 - c0?
-c6
In base 6, what is 4033 + 4?
4041
In base 14, what is -1025 + 5?
-1020
In base 11, what is -4 + 18a?
186
In base 10, what is -296 + 63?
-233
In base 5, what is -401 - -1?
-400
In base 7, what is -12 - -1015?
1003
In base 7, what is 31635 + 3?
31641
In base 6, what is -42 + -250?
-332
In base 10, what is 3 + -692?
-689
In base 14, what is -2 - 48?
-4a
In base 11, what is -56 + 4?
-52
In base 9, what is -17 + -160?
-177
In base 8, what is -567 - 3?
-572
In base 3, what is 11 - 110201?
-110120
In base 16, what is 3 + -3a?
-37
In base 6, what is -432 - 5?
-441
In base 3, what is -101102 - 2?
-101111
In base 7, what is 3 - -32054?
32060
In base 15, what is 260 + -b?
254
In base 3, what is 10022 + -11?
10011
In base 13, what is -39a3 - -4?
-399c
In base 2, what is 10100101 - 101?
10100000
In base 15, what is 2cb - -4?
2d0
In base 15, what is 2a8 - 3?
2a5
In base 5, what is -241 + -143?
-434
In base 6, what is -4300 - -2?
-4254
In base 11, what is 5 - 107?
-102
In base 7, what is 20 - -16?
36
In base 3, what is -122 + -21012?
-21211
In base 16, what is 23 - -3a?
5d
In base 2, what is 100 + -101010111001?
-101010110101
In base 13, what is -7 + 63?
59
In base 14, what is 21 - 22?
-1
In base 14, what is -4b - 0?
-4b
In base 12, what is 4 - 855?
-851
In base 2, what is 101 - 10000101?
-10000000
In base 7, what is -101 - 15?
-116
In base 10, what is 50 + -3?
47
In base 3, what is -11 - 2000000?
-2000011
In base 8, what is 4 + 705?
711
In base 12, what is -32a + -2?
-330
In base 2, what is 0 + -1001?
-1001
In base 3, what is -12 + -1022?
-1111
In base 11, what is 0 + 253?
253
In base 11, what is 3 - 1a?
-17
In base 6, what is -44215 - 3?
-44222
In base 11, what is -1769 - -a?
-175a
In base 5, what is -111 - 100?
-211
In base 14, what is -11 + 7?
-8
In base 11, what is -895 - 5?
-89a
In base 11, what is -a + -11?
-20
In base 3, what is -11 - 20?
-101
In base 10, what is -568 + 4?
-564
In base 11, what is -8 + -1319?
-1326
In base 2, what is 11 - 1110101000?
-1110100101
In base 2, what is 1111111 + 0?
1111111
In base 14, what is 4 + -cb2?
-cac
In base 2, what is 1100 - 100?
1000
In base 7, what is 16 - -164?
213
In base 14, what is 1 + -46?
-45
In base 16, what is -91c - 0?
-91c
In base 4, what is 1013031 - -1?
1013032
In base 7, what is 3 - 46?
-43
In base 15, what is 2 - 61?
-5e
In base 16, what is 17 - -7?
1e
In base 13, what is 71 - -1?
72
In base 6, what is -25 + 23?
-2
In base 6, what is -10 - -12?
2
In base 12, what is 5 + -712?
-709
In base 14, what is -633 - -2?
-631
In base 3, what is 12 - -2122211?
2200000
In base 10, what is -86 + -37?
-123
In base 4, what is -133231 - 11?
-133302
In base 6, what is -214 - -12?
-202
In base 12, what is -2a8 - -5?
-2a3
In base 7, what is 3 + 263?
266
In base 10, what is 5 - 62?
-57
In base 3, what is 20 - 11?
2
In base 3, what is 20112 - 22?
20020
In base 11, what is -11 + 187?
176
In base 4, what is 0 + 3102?
3102
In base 7, what is 11 + -522?
-511
In base 14, what is -3 + -134?
-137
In base 15, what is -1165 - 4?
-1169
In base 14, what is -737 + -5?
-73c
In base 2, what is -1011111000010 - -11?
-1011110111111
In base 15, what is 0 + 9?
9
In base 9, what is 521 + -4?
516
In base 15, what is -4 - a2?
-a6
In base 16, what is -2c + -7a?
-a6
In base 2, what is -1101000001 + 0?
-1101000001
In base 8, what is -5 + 1066?
1061
In base 8, what is -7 - 172?
-201
In base 12, what is 4 - 72?
-6a
In base 5, what is -103 - -110?
2
In base 14, what is 0 - -35?
35
In base 9, what is 1552 - 2?
1550
In base 12, what is 6 - 304?
-2ba
In base 6, what is -1 + -101?
-102
In base 14, what is 49 - -78?
c3
In base 16, what is -632 - 3?
-635
In base 7, what is -10432 - -1?
-10431
In base 7, what is 1 + 444?
445
In base 7, what is -20 + -45?
-65
In base 14, what is 5c - -5?
63
In base 10, what is 602 - -2?
604
In base 16, what is 1 + -1?
0
In base 10, what is -2 + -115?
-117
In base 6, what is 100 - 3?
53
In base 14, what is -1 - -180?
17d
In base 5, what is 4 - 41?
-32
In base 15, what is -2 - 26?
-28
In base 10, what is 61 - -3?
64
In base 16, what is -2 - -bb?
b9
In base 7, what is -10060 + 4?
-10053
In base 3, what is -1121221 + 1?
-1121220
In base 2, what is 0 + 11?
11
In base 14, what is 50 - -2?
52
In base 12, what is -ab - -5?
-a6
In base 14, what is 0 + -1b?
-1b
In base 6, what is -110412 - -3?
-110405
In base 7, what is -103 + -600?
-1003
In base 4, what is 1 - 3010?
-3003
In base 10, what is 13 - 203?
-190
In base 12, what is -b3 + 74?
-3b
In base 14, what is -12 + 4?
-c
In base 5, what is 30 - -1?
31
In base 13, what is -100 + 1?
-cc
In base 9, what is -10 + -286?
-306
In base 16, what is -456 - -20?
-436
In base 14, what is 67 + -2?
65
In base 5, what is -2220 + 0?
-2220
In base 6, what is 1 + 10150?
10151
In base 9, what is 550 - 4?
545
In base 14, what is 2 - 70?
-6c
In base 6, what is 425 - -5?
434
In base 5, what is -3 - 23?
-31
In base 10, what is 509 - 3?
506
In base 4, what is 2211 + 22?
2233
In base 14, what is 8 + b4?
bc
In base 12, what is 0 - -83?
83
In base 2, what is -1000000 + 100001111?
11001111
In base 12, what is -341 + 2?
-33b
In base 3, what is -2101 - 120?
-2221
In base 2, what is -1001 - 10001?
-11010
In base 6, what is -123103 - 3?
-123110
In base 11, what is 1 - -17?
18
In base 10, what is 1 + -444?
-443
In base 6, what is -3 + 4205?
4202
In base 11, what is 1 - -1847?
1848
In base 4, what is 100 + 131?
231
In base 4, what is -230031 + 2?
-230023
In base 2, what is -111001 - 1101100?
-10100101
In base 7, what is -2 + 430?
425
In base 11, what is 188 + -14?
174
In base 16, what is 7d + 2?
7f
In base 13, what is -9 - -3?
-6
In base 6, what is -3551 - -2?
-3545
In base 3, what is 102 - -2000?
2102
In base 4, what is 12002202 - 11?
12002131
In base 15, what is -3c + -6?
-43
In base 4, what is -2222 + -113?
-3001
In base 13, what is 33 - -3?
36
In base 7, what is 143 + -352?
-206
In base 7, what is 3531 - 2?
3526
In base 12, what is 1b5 - 2?
1b3
In base 7, what is 1 - 433?
-432
In base 3, what is 20 - -120001?
120021
In base 3, what is -102021 + -201?
-102222
In base 15, what is 239 - 6?
233
In base 14, what is 0 - -19?
19
In base 3, what is 2011 + 20?
2101
In base 10, what is -1 - 47?
-48
In base 13, what is -348a - 1?
-348b
In base 16, what is 76 + -2?
74
In base 11, what is 173 + -5?
169
In base 9, what is 3264 + -5?
3258
In base 16, what is 709 - 4?
705
In base 3, what is 10 + -12201?
-12121
In base 16, what is 3 - 4?
-1
In base 9, what is -1 - 125?
-126
In base 2, what is 1010 - 10001?
-111
In base 4, what is 1 - 30020?
-30013
In base 7, what is -5 + 145?
140
In base 11, what is -14 + -22?
-36
In base 13, what is 27 + 3?
2a
In base 13, what is 4 + -642?
-63b
In base 3, what is 210 - -21111?
22021
In base 11, what is -1 + -97?
-98
In base 3, what is 10 + 10012?
10022
In base 15, what is -4d5 + -2?
-4d7
In base 15, what is 4 + -52?
-4d
In base 13, what is 4 - -33?
37
In base 2, what is -1 + 110000111111?
110000111110
In base 14, what is -18 - 2b2?
-2ca
In base 2, what is 11101 - -10?
11111
In base 3, what is -12 + -1120?
-1202
In base 4, what is -3 + 211?
202
In base 6, what is -352 + -31?
-423
In base 4, what is 2033 + 122?
2221
In base 7, what is 14 - -262?
306
In base 9, what is -101 + 1?
-100
In base 5, what is -14131 + 3?
-14123
In base 10, what is 6939 - -2?
6941
In base 2, what is -11110 - 110010?
-1010000
In base 6, what is -1 + 4?
3
In base 11, what is 53 + -44?
a
In base 14, what is 0 + -1d3?
-1d3
In base 14, what is 15ac + 5?
15b3
In base 13